{"id":9,"date":"2022-03-10T16:17:13","date_gmt":"2022-03-10T16:17:13","guid":{"rendered":"https:\/\/bsc-schmallenberg.de\/?page_id=9"},"modified":"2024-03-20T12:24:04","modified_gmt":"2024-03-20T12:24:04","slug":"front-page-2","status":"publish","type":"page","link":"https:\/\/bsc-schmallenberg.de\/","title":{"rendered":"Willkommen"},"content":{"rendered":"\n<p>Herzlich Willkommen auf der Homepage des BSC Schmallenberg.<\/p>\n\n\n\n<p>Auf den nachfolgenden Seiten k\u00f6nnt ihr uns und die Faszination des Bogenschie\u00dfens kennenlernen. Schaut euch unsere Trainingsanlagen an, informiert euch \u00fcber Trainingszeiten oder verfolgt unsere Leistungen auf Turnieren und Meisterschaften.<\/p>\n","protected":false},"excerpt":{"rendered":"<p>Herzlich Willkommen auf der Homepage des BSC Schmallenberg. Auf den nachfolgenden Seiten k\u00f6nnt ihr uns und die Faszination des Bogenschie\u00dfens kennenlernen. Schaut euch unsere Trainingsanlagen an, informiert euch \u00fcber Trainingszeiten &hellip; <a href=\"https:\/\/bsc-schmallenberg.de\/\" class=\"more-link\"><span class=\"screen-reader-text\">Willkommen<\/span> weiterlesen<\/a><\/p>\n","protected":false},"author":1,"featured_media":31,"parent":0,"menu_order":0,"comment_status":"closed","ping_status":"closed","template":"page-templates\/template-home.php","meta":{"ngg_post_thumbnail":0,"footnotes":""},"class_list":["post-9","page","type-page","status-publish","has-post-thumbnail","hentry"],"_links":{"self":[{"href":"https:\/\/bsc-schmallenberg.de\/index.php?rest_route=\/wp\/v2\/pages\/9","targetHints":{"allow":["GET"]}}],"collection":[{"href":"https:\/\/bsc-schmallenberg.de\/index.php?rest_route=\/wp\/v2\/pages"}],"about":[{"href":"https:\/\/bsc-schmallenberg.de\/index.php?rest_route=\/wp\/v2\/types\/page"}],"author":[{"embeddable":true,"href":"https:\/\/bsc-schmallenberg.de\/index.php?rest_route=\/wp\/v2\/users\/1"}],"replies":[{"embeddable":true,"href":"https:\/\/bsc-schmallenberg.de\/index.php?rest_route=%2Fwp%2Fv2%2Fcomments&post=9"}],"version-history":[{"count":7,"href":"https:\/\/bsc-schmallenberg.de\/index.php?rest_route=\/wp\/v2\/pages\/9\/revisions"}],"predecessor-version":[{"id":1749,"href":"https:\/\/bsc-schmallenberg.de\/index.php?rest_route=\/wp\/v2\/pages\/9\/revisions\/1749"}],"wp:featuredmedia":[{"embeddable":true,"href":"https:\/\/bsc-schmallenberg.de\/index.php?rest_route=\/wp\/v2\/media\/31"}],"wp:attachment":[{"href":"https:\/\/bsc-schmallenberg.de\/index.php?rest_route=%2Fwp%2Fv2%2Fmedia&parent=9"}],"curies":[{"name":"wp","href":"https:\/\/api.w.org\/{rel}","templated":true}]}}