{"id":126,"date":"2022-04-29T18:56:34","date_gmt":"2022-04-29T18:56:34","guid":{"rendered":"https:\/\/bsc-schmallenberg.de\/?page_id=126"},"modified":"2022-05-02T14:07:19","modified_gmt":"2022-05-02T14:07:19","slug":"downloads","status":"publish","type":"page","link":"https:\/\/bsc-schmallenberg.de\/?page_id=126","title":{"rendered":"Downloads"},"content":{"rendered":"<p>Eintrittserkl\u00e4rung in den BSC Schmallenberg<\/p>\n<p><a href=\"https:\/\/bsc-schmallenberg.de\/wp-content\/uploads\/2022\/04\/BSC-Schmallenberg_Einwilligung_Artikel_7_DSGVO.pdf\">BSC Schmallenberg Einwilligung<\/a><\/p>\n<p><a href=\"https:\/\/bsc-schmallenberg.de\/wp-content\/uploads\/2022\/04\/BSC-Schmallenberg_Informationspflichten_Art_13_14_DSGVO.pdf\">DSGVO Informationspflicht<\/a><\/p>\n\n\n<hr class=\"wp-block-separator\"\/>\n\n\n<p>Satzung<\/p>\n<p><a href=\"https:\/\/bsc-schmallenberg.de\/?attachment_id=149\" rel=\"attachment wp-att-149\">Satzung_BSC_vom_16.03.2013<\/a><\/p>\n\n\n<hr class=\"wp-block-separator\"\/>\n\n\n<p>Schusszettel f\u00fcrs Training<\/p>\n<p><a href=\"https:\/\/bsc-schmallenberg.de\/?attachment_id=137\" rel=\"attachment wp-att-137\">Schusszettel Halle 30 Pfeile<\/a><\/p>\n<p><a href=\"https:\/\/bsc-schmallenberg.de\/?attachment_id=136\" rel=\"attachment wp-att-136\">Schusszettel Drau\u00dfen 36 Pfeile<\/a><\/p>\n\n\n<hr class=\"wp-block-separator\"\/>\n\n\n<p>Schie\u00dfordnung f\u00fcr Bogenschie\u00dfpl\u00e4tze<\/p>\n<p><a href=\"https:\/\/bsc-schmallenberg.de\/?attachment_id=150\" rel=\"attachment wp-att-150\">Schie\u00dfordnung<\/a><\/p>","protected":false},"excerpt":{"rendered":"<p>Eintrittserkl\u00e4rung in den BSC Schmallenberg BSC Schmallenberg Einwilligung DSGVO Informationspflicht Satzung Satzung_BSC_vom_16.03.2013 Schusszettel f\u00fcrs Training Schusszettel Halle 30 Pfeile Schusszettel Drau\u00dfen 36 Pfeile Schie\u00dfordnung f\u00fcr Bogenschie\u00dfpl\u00e4tze Schie\u00dfordnung<\/p>\n","protected":false},"author":1,"featured_media":0,"parent":0,"menu_order":0,"comment_status":"closed","ping_status":"closed","template":"","meta":{"ngg_post_thumbnail":0,"footnotes":""},"class_list":["post-126","page","type-page","status-publish","hentry"],"_links":{"self":[{"href":"https:\/\/bsc-schmallenberg.de\/index.php?rest_route=\/wp\/v2\/pages\/126","targetHints":{"allow":["GET"]}}],"collection":[{"href":"https:\/\/bsc-schmallenberg.de\/index.php?rest_route=\/wp\/v2\/pages"}],"about":[{"href":"https:\/\/bsc-schmallenberg.de\/index.php?rest_route=\/wp\/v2\/types\/page"}],"author":[{"embeddable":true,"href":"https:\/\/bsc-schmallenberg.de\/index.php?rest_route=\/wp\/v2\/users\/1"}],"replies":[{"embeddable":true,"href":"https:\/\/bsc-schmallenberg.de\/index.php?rest_route=%2Fwp%2Fv2%2Fcomments&post=126"}],"version-history":[{"count":4,"href":"https:\/\/bsc-schmallenberg.de\/index.php?rest_route=\/wp\/v2\/pages\/126\/revisions"}],"predecessor-version":[{"id":161,"href":"https:\/\/bsc-schmallenberg.de\/index.php?rest_route=\/wp\/v2\/pages\/126\/revisions\/161"}],"wp:attachment":[{"href":"https:\/\/bsc-schmallenberg.de\/index.php?rest_route=%2Fwp%2Fv2%2Fmedia&parent=126"}],"curies":[{"name":"wp","href":"https:\/\/api.w.org\/{rel}","templated":true}]}}