{"id":124,"date":"2022-04-29T18:55:45","date_gmt":"2022-04-29T18:55:45","guid":{"rendered":"https:\/\/bsc-schmallenberg.de\/?page_id=124"},"modified":"2024-06-19T06:45:14","modified_gmt":"2024-06-19T06:45:14","slug":"jahresbeitraege","status":"publish","type":"page","link":"https:\/\/bsc-schmallenberg.de\/?page_id=124","title":{"rendered":"Jahresbeitr\u00e4ge"},"content":{"rendered":"\n<p><strong>Achtung!<br>Die Familienkarten der Stadt Schmallenberg k\u00f6nnen&nbsp;&nbsp;mit den Jahresbeitr\u00e4gen eingel\u00f6st\/verrechnet werden!<\/strong><\/p>\n\n\n\n<p><strong>Info \u00fcber die Familienkarte hier:&nbsp;&nbsp;<\/strong>&nbsp;<br><a href=\"http:\/\/www.schmallenberg.de\/rathaus\/leben-in-schmallenberg\/familienkarte.html\">http:\/\/www.schmallenberg.de\/rathaus\/leben-in-schmallenberg\/familienkarte.html<\/a><\/p>\n\n\n\n<p><\/p>\n\n\n\n<h2 class=\"wp-block-heading\">Beitr\u00e4ge<\/h2>\n\n\n\n<figure class=\"wp-block-table\"><table><tbody><tr><td><strong>14 Jahre und j\u00fcnger<\/strong><\/td><td><strong>25 \u20ac<\/strong><\/td><\/tr><tr><td><strong>15 bis 18 Jahre<\/strong><\/td><td><strong>35 \u20ac<\/strong><\/td><\/tr><tr><td><strong>19 Jahre und \u00e4lter<\/strong><\/td><td><strong>50 \u20ac<\/strong><\/td><\/tr><\/tbody><\/table><\/figure>\n\n\n\n<p><\/p>\n","protected":false},"excerpt":{"rendered":"<p>Achtung!Die Familienkarten der Stadt Schmallenberg k\u00f6nnen&nbsp;&nbsp;mit den Jahresbeitr\u00e4gen eingel\u00f6st\/verrechnet werden! Info \u00fcber die Familienkarte hier:&nbsp;&nbsp;&nbsp;http:\/\/www.schmallenberg.de\/rathaus\/leben-in-schmallenberg\/familienkarte.html Beitr\u00e4ge 14 Jahre und j\u00fcnger 25 \u20ac 15 bis 18 Jahre 35 \u20ac 19 Jahre &hellip; <a href=\"https:\/\/bsc-schmallenberg.de\/?page_id=124\" class=\"more-link\"><span class=\"screen-reader-text\">Jahresbeitr\u00e4ge<\/span> weiterlesen<\/a><\/p>\n","protected":false},"author":1,"featured_media":0,"parent":0,"menu_order":0,"comment_status":"closed","ping_status":"closed","template":"templates\/full-width-page.php","meta":{"ngg_post_thumbnail":0,"footnotes":""},"class_list":["post-124","page","type-page","status-publish","hentry"],"_links":{"self":[{"href":"https:\/\/bsc-schmallenberg.de\/index.php?rest_route=\/wp\/v2\/pages\/124","targetHints":{"allow":["GET"]}}],"collection":[{"href":"https:\/\/bsc-schmallenberg.de\/index.php?rest_route=\/wp\/v2\/pages"}],"about":[{"href":"https:\/\/bsc-schmallenberg.de\/index.php?rest_route=\/wp\/v2\/types\/page"}],"author":[{"embeddable":true,"href":"https:\/\/bsc-schmallenberg.de\/index.php?rest_route=\/wp\/v2\/users\/1"}],"replies":[{"embeddable":true,"href":"https:\/\/bsc-schmallenberg.de\/index.php?rest_route=%2Fwp%2Fv2%2Fcomments&post=124"}],"version-history":[{"count":2,"href":"https:\/\/bsc-schmallenberg.de\/index.php?rest_route=\/wp\/v2\/pages\/124\/revisions"}],"predecessor-version":[{"id":2000,"href":"https:\/\/bsc-schmallenberg.de\/index.php?rest_route=\/wp\/v2\/pages\/124\/revisions\/2000"}],"wp:attachment":[{"href":"https:\/\/bsc-schmallenberg.de\/index.php?rest_route=%2Fwp%2Fv2%2Fmedia&parent=124"}],"curies":[{"name":"wp","href":"https:\/\/api.w.org\/{rel}","templated":true}]}}